{"version":"1.0","provider_name":"Agenda de Exposiciones, Eventos y Conferencias","provider_url":"https:\/\/www.agenda-auc.com.ar","author_name":"Agenda AUC","author_url":"https:\/\/www.agenda-auc.com.ar\/index.php\/author\/agendaauc1820\/","title":"27 de abril - Agenda de Exposiciones, Eventos y Conferencias","type":"rich","width":600,"height":338,"html":"<blockquote class=\"wp-embedded-content\" data-secret=\"PgfHKfUD4Y\"><a href=\"https:\/\/www.agenda-auc.com.ar\/index.php\/2014\/04\/03\/27-de-abril\/\">27 de abril<\/a><\/blockquote><iframe sandbox=\"allow-scripts\" security=\"restricted\" src=\"https:\/\/www.agenda-auc.com.ar\/index.php\/2014\/04\/03\/27-de-abril\/embed\/#?secret=PgfHKfUD4Y\" width=\"600\" height=\"338\" title=\"\u00ab27 de abril\u00bb \u2014 Agenda de Exposiciones, Eventos y Conferencias\" data-secret=\"PgfHKfUD4Y\" frameborder=\"0\" marginwidth=\"0\" marginheight=\"0\" scrolling=\"no\" class=\"wp-embedded-content\"><\/iframe><script>\n\/*! This file is auto-generated *\/\n!function(d,l){\"use strict\";l.querySelector&&d.addEventListener&&\"undefined\"!=typeof URL&&(d.wp=d.wp||{},d.wp.receiveEmbedMessage||(d.wp.receiveEmbedMessage=function(e){var t=e.data;if((t||t.secret||t.message||t.value)&&!\/[^a-zA-Z0-9]\/.test(t.secret)){for(var s,r,n,a=l.querySelectorAll('iframe[data-secret=\"'+t.secret+'\"]'),o=l.querySelectorAll('blockquote[data-secret=\"'+t.secret+'\"]'),c=new RegExp(\"^https?:$\",\"i\"),i=0;i<o.length;i++)o[i].style.display=\"none\";for(i=0;i<a.length;i++)s=a[i],e.source===s.contentWindow&&(s.removeAttribute(\"style\"),\"height\"===t.message?(1e3<(r=parseInt(t.value,10))?r=1e3:~~r<200&&(r=200),s.height=r):\"link\"===t.message&&(r=new URL(s.getAttribute(\"src\")),n=new URL(t.value),c.test(n.protocol))&&n.host===r.host&&l.activeElement===s&&(d.top.location.href=t.value))}},d.addEventListener(\"message\",d.wp.receiveEmbedMessage,!1),l.addEventListener(\"DOMContentLoaded\",function(){for(var e,t,s=l.querySelectorAll(\"iframe.wp-embedded-content\"),r=0;r<s.length;r++)(t=(e=s[r]).getAttribute(\"data-secret\"))||(t=Math.random().toString(36).substring(2,12),e.src+=\"#?secret=\"+t,e.setAttribute(\"data-secret\",t)),e.contentWindow.postMessage({message:\"ready\",secret:t},\"*\")},!1)))}(window,document);\n\/\/# sourceURL=https:\/\/www.agenda-auc.com.ar\/wp-includes\/js\/wp-embed.min.js\n<\/script>\n","description":"27 de abril: Canonizaci\u00f3n de los beatos Juan XXIII y Juan Pablo II por el papa Francisco. La canonizaci\u00f3n se har\u00e1 en una misa el 27 de abril de 2014 en el Vaticano, el anterior Papa Joseph Ratzinger ha sido invitado al evento, pero no se ha confirmado su presencia. Hay esperanzas que asista ya &hellip; Continuar leyendo \"\""}

27 de abril: Canonización de los beatos Juan XXIII y Juan Pablo II por el papa Francisco. La canonización se hará en una misa el 27 de abril de 2014 en el Vaticano, el anterior Papa Joseph Ratzinger ha sido invitado al evento, pero no se ha confirmado su presencia. Hay esperanzas que asista ya &hellip; Continuar leyendo ""
