{"version":"1.0","provider_name":"Agenda de Exposiciones, Eventos y Conferencias","provider_url":"https:\/\/www.agenda-auc.com.ar","author_name":"Agenda AUC","author_url":"https:\/\/www.agenda-auc.com.ar\/index.php\/author\/agendaauc1820\/","title":"51\u00b0 Congreso mundial de Arquitectura Paisajista - Agenda de Exposiciones, Eventos y Conferencias","type":"rich","width":600,"height":338,"html":"<blockquote class=\"wp-embedded-content\" data-secret=\"HJwJQYRnpr\"><a href=\"https:\/\/www.agenda-auc.com.ar\/index.php\/2014\/04\/09\/51-congreso-mundial-de-arquitectura-paisajista\/\">51\u00b0 Congreso mundial de Arquitectura Paisajista<\/a><\/blockquote><iframe sandbox=\"allow-scripts\" security=\"restricted\" src=\"https:\/\/www.agenda-auc.com.ar\/index.php\/2014\/04\/09\/51-congreso-mundial-de-arquitectura-paisajista\/embed\/#?secret=HJwJQYRnpr\" width=\"600\" height=\"338\" title=\"\u00ab51\u00b0 Congreso mundial de Arquitectura Paisajista\u00bb \u2014 Agenda de Exposiciones, Eventos y Conferencias\" data-secret=\"HJwJQYRnpr\" frameborder=\"0\" marginwidth=\"0\" marginheight=\"0\" scrolling=\"no\" class=\"wp-embedded-content\"><\/iframe><script>\n\/*! This file is auto-generated *\/\n!function(d,l){\"use strict\";l.querySelector&&d.addEventListener&&\"undefined\"!=typeof URL&&(d.wp=d.wp||{},d.wp.receiveEmbedMessage||(d.wp.receiveEmbedMessage=function(e){var t=e.data;if((t||t.secret||t.message||t.value)&&!\/[^a-zA-Z0-9]\/.test(t.secret)){for(var s,r,n,a=l.querySelectorAll('iframe[data-secret=\"'+t.secret+'\"]'),o=l.querySelectorAll('blockquote[data-secret=\"'+t.secret+'\"]'),c=new RegExp(\"^https?:$\",\"i\"),i=0;i<o.length;i++)o[i].style.display=\"none\";for(i=0;i<a.length;i++)s=a[i],e.source===s.contentWindow&&(s.removeAttribute(\"style\"),\"height\"===t.message?(1e3<(r=parseInt(t.value,10))?r=1e3:~~r<200&&(r=200),s.height=r):\"link\"===t.message&&(r=new URL(s.getAttribute(\"src\")),n=new URL(t.value),c.test(n.protocol))&&n.host===r.host&&l.activeElement===s&&(d.top.location.href=t.value))}},d.addEventListener(\"message\",d.wp.receiveEmbedMessage,!1),l.addEventListener(\"DOMContentLoaded\",function(){for(var e,t,s=l.querySelectorAll(\"iframe.wp-embedded-content\"),r=0;r<s.length;r++)(t=(e=s[r]).getAttribute(\"data-secret\"))||(t=Math.random().toString(36).substring(2,12),e.src+=\"#?secret=\"+t,e.setAttribute(\"data-secret\",t)),e.contentWindow.postMessage({message:\"ready\",secret:t},\"*\")},!1)))}(window,document);\n\/\/# sourceURL=https:\/\/www.agenda-auc.com.ar\/wp-includes\/js\/wp-embed.min.js\n<\/script>\n","description":"Los d\u00edas 5 y 6 de julio de 2014 se realizar\u00e1n en Pueto Madero, Ciudad de Buenos Aires Argentina el 51\u00b0 Congreso Mundial IFLA de Arquitectura Paisajista. Se llevar\u00e1 a cabo en el Auditorio \u00abSan Agust\u00edn\u00bb de la Universidad Cat\u00f3lica Argentina. El tema de esta edici\u00f3n ser\u00e1:\u00a0 \u00abTierra, hogar, paisajes de lugares\u00bb y \u00abPensamiento y &hellip; Continuar leyendo \"\""}

Los días 5 y 6 de julio de 2014 se realizarán en Pueto Madero, Ciudad de Buenos Aires Argentina el 51° Congreso Mundial IFLA de Arquitectura Paisajista. Se llevará a cabo en el Auditorio «San Agustín» de la Universidad Católica Argentina. El tema de esta edición será:  «Tierra, hogar, paisajes de lugares» y «Pensamiento y &hellip; Continuar leyendo ""
